{"id":43,"date":"2025-05-16T17:22:56","date_gmt":"2025-05-16T15:22:56","guid":{"rendered":"https:\/\/draveilcitadelletc.fr\/?page_id=43"},"modified":"2025-09-23T14:44:17","modified_gmt":"2025-09-23T12:44:17","slug":"mes-cours","status":"publish","type":"page","link":"https:\/\/draveilcitadelletc.fr\/?page_id=43","title":{"rendered":"MES COURS"},"content":{"rendered":"\t\t<div data-elementor-type=\"wp-page\" data-elementor-id=\"43\" class=\"elementor elementor-43\">\n\t\t\t\t<div class=\"elementor-element elementor-element-849ee80 e-con-full e-flex e-con e-parent\" data-id=\"849ee80\" data-element_type=\"container\" data-e-type=\"container\" data-settings=\"{&quot;background_background&quot;:&quot;classic&quot;}\">\n\t\t<div class=\"elementor-element elementor-element-475a736 e-con-full e-grid e-con e-child\" data-id=\"475a736\" data-element_type=\"container\" data-e-type=\"container\">\n\t\t<div class=\"elementor-element elementor-element-f178307 e-con-full e-flex e-con e-child\" data-id=\"f178307\" data-element_type=\"container\" data-e-type=\"container\">\n\t\t\t\t<div class=\"elementor-element elementor-element-60b33f3 elementor-widget elementor-widget-spacer\" data-id=\"60b33f3\" data-element_type=\"widget\" data-e-type=\"widget\" data-widget_type=\"spacer.default\">\n\t\t\t\t<div class=\"elementor-widget-container\">\n\t\t\t\t\t\t\t<div class=\"elementor-spacer\">\n\t\t\t<div class=\"elementor-spacer-inner\"><\/div>\n\t\t<\/div>\n\t\t\t\t\t\t<\/div>\n\t\t\t\t<\/div>\n\t\t\t\t<div class=\"elementor-element elementor-element-28c9863 elementor-widget elementor-widget-text-editor\" data-id=\"28c9863\" data-element_type=\"widget\" data-e-type=\"widget\" data-widget_type=\"text-editor.default\">\n\t\t\t\t<div class=\"elementor-widget-container\">\n\t\t\t\t\t\t\t\t\t<p>Mes <strong>cours<\/strong><\/p>\t\t\t\t\t\t\t\t<\/div>\n\t\t\t\t<\/div>\n\t\t\t\t<div class=\"elementor-element elementor-element-3bae500 elementor-widget-divider--view-line elementor-widget elementor-widget-divider\" data-id=\"3bae500\" data-element_type=\"widget\" data-e-type=\"widget\" data-widget_type=\"divider.default\">\n\t\t\t\t<div class=\"elementor-widget-container\">\n\t\t\t\t\t\t\t<div class=\"elementor-divider\">\n\t\t\t<span class=\"elementor-divider-separator\">\n\t\t\t\t\t\t<\/span>\n\t\t<\/div>\n\t\t\t\t\t\t<\/div>\n\t\t\t\t<\/div>\n\t\t\t\t<\/div>\n\t\t<div class=\"elementor-element elementor-element-6c32b5c e-con-full e-flex e-con e-child\" data-id=\"6c32b5c\" data-element_type=\"container\" data-e-type=\"container\">\n\t\t\t\t<div class=\"elementor-element elementor-element-1322547 elementor-widget elementor-widget-spacer\" data-id=\"1322547\" data-element_type=\"widget\" data-e-type=\"widget\" data-widget_type=\"spacer.default\">\n\t\t\t\t<div class=\"elementor-widget-container\">\n\t\t\t\t\t\t\t<div class=\"elementor-spacer\">\n\t\t\t<div class=\"elementor-spacer-inner\"><\/div>\n\t\t<\/div>\n\t\t\t\t\t\t<\/div>\n\t\t\t\t<\/div>\n\t\t\t\t<div class=\"elementor-element elementor-element-a8215f5 elementor-widget elementor-widget-image\" data-id=\"a8215f5\" data-element_type=\"widget\" data-e-type=\"widget\" data-widget_type=\"image.default\">\n\t\t\t\t<div class=\"elementor-widget-container\">\n\t\t\t\t\t\t\t\t\t\t\t\t\t\t\t<img fetchpriority=\"high\" decoding=\"async\" width=\"846\" height=\"135\" src=\"https:\/\/draveilcitadelletc.fr\/wp-content\/uploads\/2025\/09\/mescours_blanc.png\" class=\"attachment-large size-large wp-image-955\" alt=\"\" srcset=\"https:\/\/draveilcitadelletc.fr\/wp-content\/uploads\/2025\/09\/mescours_blanc.png 846w, https:\/\/draveilcitadelletc.fr\/wp-content\/uploads\/2025\/09\/mescours_blanc-300x48.png 300w, https:\/\/draveilcitadelletc.fr\/wp-content\/uploads\/2025\/09\/mescours_blanc-768x123.png 768w\" sizes=\"(max-width: 846px) 100vw, 846px\" \/>\t\t\t\t\t\t\t\t\t\t\t\t\t\t\t<\/div>\n\t\t\t\t<\/div>\n\t\t\t\t<\/div>\n\t\t<div class=\"elementor-element elementor-element-6430b58 e-flex e-con-boxed e-con e-child\" data-id=\"6430b58\" data-element_type=\"container\" data-e-type=\"container\">\n\t\t\t\t\t<div class=\"e-con-inner\">\n\t\t\t\t<div class=\"elementor-element elementor-element-984f119 elementor-widget elementor-widget-text-editor\" data-id=\"984f119\" data-element_type=\"widget\" data-e-type=\"widget\" data-widget_type=\"text-editor.default\">\n\t\t\t\t<div class=\"elementor-widget-container\">\n\t\t\t\t\t\t\t\t\t<p>Nos cours <strong>jeunes<\/strong><\/p>\t\t\t\t\t\t\t\t<\/div>\n\t\t\t\t<\/div>\n\t\t\t\t<div class=\"elementor-element elementor-element-69ee2e6 elementor-widget elementor-widget-text-editor\" data-id=\"69ee2e6\" data-element_type=\"widget\" data-e-type=\"widget\" data-widget_type=\"text-editor.default\">\n\t\t\t\t<div class=\"elementor-widget-container\">\n\t\t\t\t\t\t\t\t\t<p>A partir de 4 ans<\/p>\t\t\t\t\t\t\t\t<\/div>\n\t\t\t\t<\/div>\n\t\t\t\t<div class=\"elementor-element elementor-element-d419f78 elementor-widget-divider--view-line elementor-widget elementor-widget-divider\" data-id=\"d419f78\" data-element_type=\"widget\" data-e-type=\"widget\" data-widget_type=\"divider.default\">\n\t\t\t\t<div class=\"elementor-widget-container\">\n\t\t\t\t\t\t\t<div class=\"elementor-divider\">\n\t\t\t<span class=\"elementor-divider-separator\">\n\t\t\t\t\t\t<\/span>\n\t\t<\/div>\n\t\t\t\t\t\t<\/div>\n\t\t\t\t<\/div>\n\t\t\t\t<div class=\"elementor-element elementor-element-99ca0b0 elementor-widget elementor-widget-text-editor\" data-id=\"99ca0b0\" data-element_type=\"widget\" data-e-type=\"widget\" data-widget_type=\"text-editor.default\">\n\t\t\t\t<div class=\"elementor-widget-container\">\n\t\t\t\t\t\t\t\t\t<p>Vous trouverez diff\u00e9rentes formules en fonction de l&#8217;\u00e2ge et du niveau de votre enfant.<br \/>Notre offre d&#8217;\u00e9cole de tennis jeune s&#8217;\u00e9tend du MINI TENNIS (4-5 ans) au centre d&#8217;entra\u00eenement. Que vous soyez joueurs loisirs ou comp\u00e9titeurs, nous avons une offre d&#8217;enseignements qui correspond \u00e0 vos attentes.<\/p><p><strong>Consultez la rubrique nos tarifs et contactez C\u00e9dric Judenne pour plus de renseignements.<\/strong><\/p>\t\t\t\t\t\t\t\t<\/div>\n\t\t\t\t<\/div>\n\t\t\t\t\t<\/div>\n\t\t\t\t<\/div>\n\t\t<div class=\"elementor-element elementor-element-422a0e2 e-flex e-con-boxed e-con e-child\" data-id=\"422a0e2\" data-element_type=\"container\" data-e-type=\"container\">\n\t\t\t\t\t<div class=\"e-con-inner\">\n\t\t\t\t<div class=\"elementor-element elementor-element-5e4cf19 elementor-widget elementor-widget-text-editor\" data-id=\"5e4cf19\" data-element_type=\"widget\" data-e-type=\"widget\" data-widget_type=\"text-editor.default\">\n\t\t\t\t<div class=\"elementor-widget-container\">\n\t\t\t\t\t\t\t\t\t<p>Nos cours <strong>adultes<\/strong><\/p>\t\t\t\t\t\t\t\t<\/div>\n\t\t\t\t<\/div>\n\t\t\t\t<div class=\"elementor-element elementor-element-45711f7 elementor-widget elementor-widget-text-editor\" data-id=\"45711f7\" data-element_type=\"widget\" data-e-type=\"widget\" data-widget_type=\"text-editor.default\">\n\t\t\t\t<div class=\"elementor-widget-container\">\n\t\t\t\t\t\t\t\t\t<p>A partir de 18 ans<\/p>\t\t\t\t\t\t\t\t<\/div>\n\t\t\t\t<\/div>\n\t\t\t\t<div class=\"elementor-element elementor-element-993bc2e elementor-widget-divider--view-line elementor-widget elementor-widget-divider\" data-id=\"993bc2e\" data-element_type=\"widget\" data-e-type=\"widget\" data-widget_type=\"divider.default\">\n\t\t\t\t<div class=\"elementor-widget-container\">\n\t\t\t\t\t\t\t<div class=\"elementor-divider\">\n\t\t\t<span class=\"elementor-divider-separator\">\n\t\t\t\t\t\t<\/span>\n\t\t<\/div>\n\t\t\t\t\t\t<\/div>\n\t\t\t\t<\/div>\n\t\t\t\t<div class=\"elementor-element elementor-element-ebca5ab elementor-widget elementor-widget-text-editor\" data-id=\"ebca5ab\" data-element_type=\"widget\" data-e-type=\"widget\" data-widget_type=\"text-editor.default\">\n\t\t\t\t<div class=\"elementor-widget-container\">\n\t\t\t\t\t\t\t\t\t<p>Au Draveil Citadelle Tennis Club, nous proposons des cours adapt\u00e9s aux adultes aussi bien joueurs d\u00e9butants que confirm\u00e9s ou m\u00eame comp\u00e9titeurs !<\/p><p><strong>Consultez la rubrique nos tarifs et contactez C\u00e9dric Judenne pour plus de renseignements.<\/strong><\/p>\t\t\t\t\t\t\t\t<\/div>\n\t\t\t\t<\/div>\n\t\t\t\t\t<\/div>\n\t\t\t\t<\/div>\n\t\t\t\t<\/div>\n\t\t\t\t<\/div>\n\t\t<div class=\"elementor-element elementor-element-f36a371 e-grid e-con-boxed e-con e-parent\" data-id=\"f36a371\" data-element_type=\"container\" data-e-type=\"container\" data-settings=\"{&quot;background_background&quot;:&quot;classic&quot;}\">\n\t\t\t\t\t<div class=\"e-con-inner\">\n\t\t<div class=\"elementor-element elementor-element-400ce4c e-flex e-con-boxed e-con e-child\" data-id=\"400ce4c\" data-element_type=\"container\" data-e-type=\"container\">\n\t\t\t\t\t<div class=\"e-con-inner\">\n\t\t\t\t<div class=\"elementor-element elementor-element-955e6a1 elementor-widget elementor-widget-text-editor\" data-id=\"955e6a1\" data-element_type=\"widget\" data-e-type=\"widget\" data-widget_type=\"text-editor.default\">\n\t\t\t\t<div class=\"elementor-widget-container\">\n\t\t\t\t\t\t\t\t\t<p>Tennis <strong>sant\u00e9 &amp; bien-\u00eatre<\/strong><\/p>\t\t\t\t\t\t\t\t<\/div>\n\t\t\t\t<\/div>\n\t\t\t\t<div class=\"elementor-element elementor-element-662bb1a elementor-widget elementor-widget-text-editor\" data-id=\"662bb1a\" data-element_type=\"widget\" data-e-type=\"widget\" data-widget_type=\"text-editor.default\">\n\t\t\t\t<div class=\"elementor-widget-container\">\n\t\t\t\t\t\t\t\t\t<p>Pour les + de 65 ans<\/p>\t\t\t\t\t\t\t\t<\/div>\n\t\t\t\t<\/div>\n\t\t\t\t<div class=\"elementor-element elementor-element-39660dd elementor-widget-divider--view-line elementor-widget elementor-widget-divider\" data-id=\"39660dd\" data-element_type=\"widget\" data-e-type=\"widget\" data-widget_type=\"divider.default\">\n\t\t\t\t<div class=\"elementor-widget-container\">\n\t\t\t\t\t\t\t<div class=\"elementor-divider\">\n\t\t\t<span class=\"elementor-divider-separator\">\n\t\t\t\t\t\t<\/span>\n\t\t<\/div>\n\t\t\t\t\t\t<\/div>\n\t\t\t\t<\/div>\n\t\t\t\t<div class=\"elementor-element elementor-element-839757d elementor-widget elementor-widget-text-editor\" data-id=\"839757d\" data-element_type=\"widget\" data-e-type=\"widget\" data-widget_type=\"text-editor.default\">\n\t\t\t\t<div class=\"elementor-widget-container\">\n\t\t\t\t\t\t\t\t\t<p>Depuis 2019, le club d\u00e9tient le label TENNIS SANTE de la FFT et propose des s\u00e9ances de tennis adapt\u00e9es aux personnes de plus de 65 ans qui souhaitent continuer une activit\u00e9 sportive pour leur bien-\u00eatre.<\/p><p><b>Une offre tarifaire sp\u00e9cifique est disponible. Pour plus d&#8217;informations, contactez Damien Buffeteau au 06 68 40 68 19.<\/b><\/p>\t\t\t\t\t\t\t\t<\/div>\n\t\t\t\t<\/div>\n\t\t\t\t\t<\/div>\n\t\t\t\t<\/div>\n\t\t<div class=\"elementor-element elementor-element-5900905 e-con-full e-flex e-con e-child\" data-id=\"5900905\" data-element_type=\"container\" data-e-type=\"container\">\n\t\t\t\t<div class=\"elementor-element elementor-element-3dc93db elementor-widget elementor-widget-image\" data-id=\"3dc93db\" data-element_type=\"widget\" data-e-type=\"widget\" data-widget_type=\"image.default\">\n\t\t\t\t<div class=\"elementor-widget-container\">\n\t\t\t\t\t\t\t\t\t\t\t\t\t\t\t<img decoding=\"async\" width=\"2004\" height=\"1337\" src=\"https:\/\/draveilcitadelletc.fr\/wp-content\/uploads\/2025\/06\/cours_seniors_draveil_tennis.jpg\" class=\"attachment-full size-full wp-image-689\" alt=\"\" srcset=\"https:\/\/draveilcitadelletc.fr\/wp-content\/uploads\/2025\/06\/cours_seniors_draveil_tennis.jpg 2004w, https:\/\/draveilcitadelletc.fr\/wp-content\/uploads\/2025\/06\/cours_seniors_draveil_tennis-300x200.jpg 300w, https:\/\/draveilcitadelletc.fr\/wp-content\/uploads\/2025\/06\/cours_seniors_draveil_tennis-1024x683.jpg 1024w, https:\/\/draveilcitadelletc.fr\/wp-content\/uploads\/2025\/06\/cours_seniors_draveil_tennis-768x512.jpg 768w, https:\/\/draveilcitadelletc.fr\/wp-content\/uploads\/2025\/06\/cours_seniors_draveil_tennis-1536x1025.jpg 1536w\" sizes=\"(max-width: 2004px) 100vw, 2004px\" \/>\t\t\t\t\t\t\t\t\t\t\t\t\t\t\t<\/div>\n\t\t\t\t<\/div>\n\t\t\t\t<\/div>\n\t\t<div class=\"elementor-element elementor-element-a0bf4a7 e-con-full e-flex e-con e-child\" data-id=\"a0bf4a7\" data-element_type=\"container\" data-e-type=\"container\">\n\t\t\t\t<div class=\"elementor-element elementor-element-ff2465a elementor-widget elementor-widget-image\" data-id=\"ff2465a\" data-element_type=\"widget\" data-e-type=\"widget\" data-widget_type=\"image.default\">\n\t\t\t\t<div class=\"elementor-widget-container\">\n\t\t\t\t\t\t\t\t\t\t\t\t\t\t\t<img decoding=\"async\" width=\"2068\" height=\"1380\" src=\"https:\/\/draveilcitadelletc.fr\/wp-content\/uploads\/2025\/06\/cours2_seniors_draveil_tennis.jpg\" class=\"attachment-full size-full wp-image-690\" alt=\"\" srcset=\"https:\/\/draveilcitadelletc.fr\/wp-content\/uploads\/2025\/06\/cours2_seniors_draveil_tennis.jpg 2068w, https:\/\/draveilcitadelletc.fr\/wp-content\/uploads\/2025\/06\/cours2_seniors_draveil_tennis-300x200.jpg 300w, https:\/\/draveilcitadelletc.fr\/wp-content\/uploads\/2025\/06\/cours2_seniors_draveil_tennis-1024x683.jpg 1024w, https:\/\/draveilcitadelletc.fr\/wp-content\/uploads\/2025\/06\/cours2_seniors_draveil_tennis-768x512.jpg 768w, https:\/\/draveilcitadelletc.fr\/wp-content\/uploads\/2025\/06\/cours2_seniors_draveil_tennis-1536x1025.jpg 1536w, https:\/\/draveilcitadelletc.fr\/wp-content\/uploads\/2025\/06\/cours2_seniors_draveil_tennis-2048x1367.jpg 2048w\" sizes=\"(max-width: 2068px) 100vw, 2068px\" \/>\t\t\t\t\t\t\t\t\t\t\t\t\t\t\t<\/div>\n\t\t\t\t<\/div>\n\t\t\t\t<\/div>\n\t\t\t\t\t<\/div>\n\t\t\t\t<\/div>\n\t\t\t\t<\/div>\n\t\t","protected":false},"excerpt":{"rendered":"<p>Mes cours Nos cours jeunes A partir de 4 ans Vous trouverez diff\u00e9rentes formules en fonction de l&#8217;\u00e2ge et du [&hellip;]<\/p>\n","protected":false},"author":1,"featured_media":0,"parent":0,"menu_order":0,"comment_status":"closed","ping_status":"closed","template":"","meta":{"site-sidebar-layout":"no-sidebar","site-content-layout":"","ast-site-content-layout":"full-width-container","site-content-style":"default","site-sidebar-style":"default","ast-global-header-display":"","ast-banner-title-visibility":"","ast-main-header-display":"","ast-hfb-above-header-display":"","ast-hfb-below-header-display":"","ast-hfb-mobile-header-display":"","site-post-title":"disabled","ast-breadcrumbs-content":"","ast-featured-img":"disabled","footer-sml-layout":"","theme-transparent-header-meta":"","adv-header-id-meta":"","stick-header-meta":"","header-above-stick-meta":"","header-main-stick-meta":"","header-below-stick-meta":"","astra-migrate-meta-layouts":"default","ast-page-background-enabled":"default","ast-page-background-meta":{"desktop":{"background-color":"var(--ast-global-color-5)","background-image":"","background-repeat":"repeat","background-position":"center center","background-size":"auto","background-attachment":"scroll","background-type":"","background-media":"","overlay-type":"","overlay-color":"","overlay-opacity":"","overlay-gradient":""},"tablet":{"background-color":"","background-image":"","background-repeat":"repeat","background-position":"center center","background-size":"auto","background-attachment":"scroll","background-type":"","background-media":"","overlay-type":"","overlay-color":"","overlay-opacity":"","overlay-gradient":""},"mobile":{"background-color":"","background-image":"","background-repeat":"repeat","background-position":"center center","background-size":"auto","background-attachment":"scroll","background-type":"","background-media":"","overlay-type":"","overlay-color":"","overlay-opacity":"","overlay-gradient":""}},"ast-content-background-meta":{"desktop":{"background-color":"var(--ast-global-color-4)","background-image":"","background-repeat":"repeat","background-position":"center center","background-size":"auto","background-attachment":"scroll","background-type":"","background-media":"","overlay-type":"","overlay-color":"","overlay-opacity":"","overlay-gradient":""},"tablet":{"background-color":"var(--ast-global-color-4)","background-image":"","background-repeat":"repeat","background-position":"center center","background-size":"auto","background-attachment":"scroll","background-type":"","background-media":"","overlay-type":"","overlay-color":"","overlay-opacity":"","overlay-gradient":""},"mobile":{"background-color":"var(--ast-global-color-4)","background-image":"","background-repeat":"repeat","background-position":"center center","background-size":"auto","background-attachment":"scroll","background-type":"","background-media":"","overlay-type":"","overlay-color":"","overlay-opacity":"","overlay-gradient":""}},"footnotes":""},"class_list":["post-43","page","type-page","status-publish","hentry"],"yoast_head":"<!-- This site is optimized with the Yoast SEO plugin v27.3 - https:\/\/yoast.com\/product\/yoast-seo-wordpress\/ -->\n<title>MES COURS - DRAVEIL TENNIS<\/title>\n<meta name=\"robots\" content=\"index, follow, max-snippet:-1, max-image-preview:large, max-video-preview:-1\" \/>\n<link rel=\"canonical\" href=\"https:\/\/draveilcitadelletc.fr\/?page_id=43\" \/>\n<meta property=\"og:locale\" content=\"fr_FR\" \/>\n<meta property=\"og:type\" content=\"article\" \/>\n<meta property=\"og:title\" content=\"MES COURS - DRAVEIL TENNIS\" \/>\n<meta property=\"og:description\" content=\"Mes cours Nos cours jeunes A partir de 4 ans Vous trouverez diff\u00e9rentes formules en fonction de l&#8217;\u00e2ge et du [&hellip;]\" \/>\n<meta property=\"og:url\" content=\"https:\/\/draveilcitadelletc.fr\/?page_id=43\" \/>\n<meta property=\"og:site_name\" content=\"DRAVEIL TENNIS\" \/>\n<meta property=\"article:publisher\" content=\"https:\/\/www.facebook.com\/draveilcitadelletc\/?locale=fr_FR\" \/>\n<meta property=\"article:modified_time\" content=\"2025-09-23T12:44:17+00:00\" \/>\n<meta property=\"og:image\" content=\"http:\/\/draveilcitadelletc.fr\/wp-content\/uploads\/2025\/09\/mescours_blanc.png\" \/>\n<meta name=\"twitter:card\" content=\"summary_large_image\" \/>\n<meta name=\"twitter:label1\" content=\"Dur\u00e9e de lecture estim\u00e9e\" \/>\n\t<meta name=\"twitter:data1\" content=\"1 minute\" \/>\n<script type=\"application\/ld+json\" class=\"yoast-schema-graph\">{\"@context\":\"https:\\\/\\\/schema.org\",\"@graph\":[{\"@type\":\"WebPage\",\"@id\":\"https:\\\/\\\/draveilcitadelletc.fr\\\/?page_id=43\",\"url\":\"https:\\\/\\\/draveilcitadelletc.fr\\\/?page_id=43\",\"name\":\"MES COURS - DRAVEIL TENNIS\",\"isPartOf\":{\"@id\":\"https:\\\/\\\/draveilcitadelletc.fr\\\/#website\"},\"primaryImageOfPage\":{\"@id\":\"https:\\\/\\\/draveilcitadelletc.fr\\\/?page_id=43#primaryimage\"},\"image\":{\"@id\":\"https:\\\/\\\/draveilcitadelletc.fr\\\/?page_id=43#primaryimage\"},\"thumbnailUrl\":\"http:\\\/\\\/draveilcitadelletc.fr\\\/wp-content\\\/uploads\\\/2025\\\/09\\\/mescours_blanc.png\",\"datePublished\":\"2025-05-16T15:22:56+00:00\",\"dateModified\":\"2025-09-23T12:44:17+00:00\",\"breadcrumb\":{\"@id\":\"https:\\\/\\\/draveilcitadelletc.fr\\\/?page_id=43#breadcrumb\"},\"inLanguage\":\"fr-FR\",\"potentialAction\":[{\"@type\":\"ReadAction\",\"target\":[\"https:\\\/\\\/draveilcitadelletc.fr\\\/?page_id=43\"]}]},{\"@type\":\"ImageObject\",\"inLanguage\":\"fr-FR\",\"@id\":\"https:\\\/\\\/draveilcitadelletc.fr\\\/?page_id=43#primaryimage\",\"url\":\"http:\\\/\\\/draveilcitadelletc.fr\\\/wp-content\\\/uploads\\\/2025\\\/09\\\/mescours_blanc.png\",\"contentUrl\":\"http:\\\/\\\/draveilcitadelletc.fr\\\/wp-content\\\/uploads\\\/2025\\\/09\\\/mescours_blanc.png\"},{\"@type\":\"BreadcrumbList\",\"@id\":\"https:\\\/\\\/draveilcitadelletc.fr\\\/?page_id=43#breadcrumb\",\"itemListElement\":[{\"@type\":\"ListItem\",\"position\":1,\"name\":\"Accueil\",\"item\":\"https:\\\/\\\/draveilcitadelletc.fr\\\/\"},{\"@type\":\"ListItem\",\"position\":2,\"name\":\"MES COURS\"}]},{\"@type\":\"WebSite\",\"@id\":\"https:\\\/\\\/draveilcitadelletc.fr\\\/#website\",\"url\":\"https:\\\/\\\/draveilcitadelletc.fr\\\/\",\"name\":\"DRAVEIL CITADELLE TENNIS CLUB\",\"description\":\"Club de tennis de Draveil\",\"publisher\":{\"@id\":\"https:\\\/\\\/draveilcitadelletc.fr\\\/#organization\"},\"potentialAction\":[{\"@type\":\"SearchAction\",\"target\":{\"@type\":\"EntryPoint\",\"urlTemplate\":\"https:\\\/\\\/draveilcitadelletc.fr\\\/?s={search_term_string}\"},\"query-input\":{\"@type\":\"PropertyValueSpecification\",\"valueRequired\":true,\"valueName\":\"search_term_string\"}}],\"inLanguage\":\"fr-FR\"},{\"@type\":\"Organization\",\"@id\":\"https:\\\/\\\/draveilcitadelletc.fr\\\/#organization\",\"name\":\"DRAVEIL CITADELLE TENNIS CLUB\",\"url\":\"https:\\\/\\\/draveilcitadelletc.fr\\\/\",\"logo\":{\"@type\":\"ImageObject\",\"inLanguage\":\"fr-FR\",\"@id\":\"https:\\\/\\\/draveilcitadelletc.fr\\\/#\\\/schema\\\/logo\\\/image\\\/\",\"url\":\"https:\\\/\\\/draveilcitadelletc.fr\\\/wp-content\\\/uploads\\\/2025\\\/05\\\/version_def_vect.png\",\"contentUrl\":\"https:\\\/\\\/draveilcitadelletc.fr\\\/wp-content\\\/uploads\\\/2025\\\/05\\\/version_def_vect.png\",\"width\":528,\"height\":592,\"caption\":\"DRAVEIL CITADELLE TENNIS CLUB\"},\"image\":{\"@id\":\"https:\\\/\\\/draveilcitadelletc.fr\\\/#\\\/schema\\\/logo\\\/image\\\/\"},\"sameAs\":[\"https:\\\/\\\/www.facebook.com\\\/draveilcitadelletc\\\/?locale=fr_FR\",\"https:\\\/\\\/www.instagram.com\\\/draveilcitadelletennisclub\\\/\"]}]}<\/script>\n<!-- \/ Yoast SEO plugin. -->","yoast_head_json":{"title":"MES COURS - DRAVEIL TENNIS","robots":{"index":"index","follow":"follow","max-snippet":"max-snippet:-1","max-image-preview":"max-image-preview:large","max-video-preview":"max-video-preview:-1"},"canonical":"https:\/\/draveilcitadelletc.fr\/?page_id=43","og_locale":"fr_FR","og_type":"article","og_title":"MES COURS - DRAVEIL TENNIS","og_description":"Mes cours Nos cours jeunes A partir de 4 ans Vous trouverez diff\u00e9rentes formules en fonction de l&#8217;\u00e2ge et du [&hellip;]","og_url":"https:\/\/draveilcitadelletc.fr\/?page_id=43","og_site_name":"DRAVEIL TENNIS","article_publisher":"https:\/\/www.facebook.com\/draveilcitadelletc\/?locale=fr_FR","article_modified_time":"2025-09-23T12:44:17+00:00","og_image":[{"url":"http:\/\/draveilcitadelletc.fr\/wp-content\/uploads\/2025\/09\/mescours_blanc.png","type":"","width":"","height":""}],"twitter_card":"summary_large_image","twitter_misc":{"Dur\u00e9e de lecture estim\u00e9e":"1 minute"},"schema":{"@context":"https:\/\/schema.org","@graph":[{"@type":"WebPage","@id":"https:\/\/draveilcitadelletc.fr\/?page_id=43","url":"https:\/\/draveilcitadelletc.fr\/?page_id=43","name":"MES COURS - DRAVEIL TENNIS","isPartOf":{"@id":"https:\/\/draveilcitadelletc.fr\/#website"},"primaryImageOfPage":{"@id":"https:\/\/draveilcitadelletc.fr\/?page_id=43#primaryimage"},"image":{"@id":"https:\/\/draveilcitadelletc.fr\/?page_id=43#primaryimage"},"thumbnailUrl":"http:\/\/draveilcitadelletc.fr\/wp-content\/uploads\/2025\/09\/mescours_blanc.png","datePublished":"2025-05-16T15:22:56+00:00","dateModified":"2025-09-23T12:44:17+00:00","breadcrumb":{"@id":"https:\/\/draveilcitadelletc.fr\/?page_id=43#breadcrumb"},"inLanguage":"fr-FR","potentialAction":[{"@type":"ReadAction","target":["https:\/\/draveilcitadelletc.fr\/?page_id=43"]}]},{"@type":"ImageObject","inLanguage":"fr-FR","@id":"https:\/\/draveilcitadelletc.fr\/?page_id=43#primaryimage","url":"http:\/\/draveilcitadelletc.fr\/wp-content\/uploads\/2025\/09\/mescours_blanc.png","contentUrl":"http:\/\/draveilcitadelletc.fr\/wp-content\/uploads\/2025\/09\/mescours_blanc.png"},{"@type":"BreadcrumbList","@id":"https:\/\/draveilcitadelletc.fr\/?page_id=43#breadcrumb","itemListElement":[{"@type":"ListItem","position":1,"name":"Accueil","item":"https:\/\/draveilcitadelletc.fr\/"},{"@type":"ListItem","position":2,"name":"MES COURS"}]},{"@type":"WebSite","@id":"https:\/\/draveilcitadelletc.fr\/#website","url":"https:\/\/draveilcitadelletc.fr\/","name":"DRAVEIL CITADELLE TENNIS CLUB","description":"Club de tennis de Draveil","publisher":{"@id":"https:\/\/draveilcitadelletc.fr\/#organization"},"potentialAction":[{"@type":"SearchAction","target":{"@type":"EntryPoint","urlTemplate":"https:\/\/draveilcitadelletc.fr\/?s={search_term_string}"},"query-input":{"@type":"PropertyValueSpecification","valueRequired":true,"valueName":"search_term_string"}}],"inLanguage":"fr-FR"},{"@type":"Organization","@id":"https:\/\/draveilcitadelletc.fr\/#organization","name":"DRAVEIL CITADELLE TENNIS CLUB","url":"https:\/\/draveilcitadelletc.fr\/","logo":{"@type":"ImageObject","inLanguage":"fr-FR","@id":"https:\/\/draveilcitadelletc.fr\/#\/schema\/logo\/image\/","url":"https:\/\/draveilcitadelletc.fr\/wp-content\/uploads\/2025\/05\/version_def_vect.png","contentUrl":"https:\/\/draveilcitadelletc.fr\/wp-content\/uploads\/2025\/05\/version_def_vect.png","width":528,"height":592,"caption":"DRAVEIL CITADELLE TENNIS CLUB"},"image":{"@id":"https:\/\/draveilcitadelletc.fr\/#\/schema\/logo\/image\/"},"sameAs":["https:\/\/www.facebook.com\/draveilcitadelletc\/?locale=fr_FR","https:\/\/www.instagram.com\/draveilcitadelletennisclub\/"]}]}},"_links":{"self":[{"href":"https:\/\/draveilcitadelletc.fr\/index.php?rest_route=\/wp\/v2\/pages\/43","targetHints":{"allow":["GET"]}}],"collection":[{"href":"https:\/\/draveilcitadelletc.fr\/index.php?rest_route=\/wp\/v2\/pages"}],"about":[{"href":"https:\/\/draveilcitadelletc.fr\/index.php?rest_route=\/wp\/v2\/types\/page"}],"author":[{"embeddable":true,"href":"https:\/\/draveilcitadelletc.fr\/index.php?rest_route=\/wp\/v2\/users\/1"}],"replies":[{"embeddable":true,"href":"https:\/\/draveilcitadelletc.fr\/index.php?rest_route=%2Fwp%2Fv2%2Fcomments&post=43"}],"version-history":[{"count":298,"href":"https:\/\/draveilcitadelletc.fr\/index.php?rest_route=\/wp\/v2\/pages\/43\/revisions"}],"predecessor-version":[{"id":2398,"href":"https:\/\/draveilcitadelletc.fr\/index.php?rest_route=\/wp\/v2\/pages\/43\/revisions\/2398"}],"wp:attachment":[{"href":"https:\/\/draveilcitadelletc.fr\/index.php?rest_route=%2Fwp%2Fv2%2Fmedia&parent=43"}],"curies":[{"name":"wp","href":"https:\/\/api.w.org\/{rel}","templated":true}]}}